{"id":6829,"date":"2025-04-07T12:39:58","date_gmt":"2025-04-07T12:39:58","guid":{"rendered":"https:\/\/feroterm.ro\/altep\/?post_type=product&#038;p=6829"},"modified":"2025-04-07T12:39:58","modified_gmt":"2025-04-07T12:39:58","slug":"cazan-altep-pellets","status":"publish","type":"product","link":"https:\/\/feroterm.ro\/altep\/produs\/cazan-altep-pellets\/","title":{"rendered":"Cazan Altep Pellets"},"content":{"rendered":"<h3>Cazan\u00a0<span>Altep Pellets<\/span><\/h3>\n<p>Cazanele\u00a0 de\u00a0 tip\u00a0 (KT-2EPG) sunt\u00a0 proiectate\u00a0 pentru\u00a0 \u00eenc\u0103lzirea\u00a0 cl\u0103dirilor\u00a0 reziden\u021biale\u00a0 \u0219i\u00a0 industriale\u00a0 \u00een\u00a0 regim\u00a0 automat.\u00a0 Cazanul pe pele\u021bi ALTEP Pellet (KT-2EPG)\u00a0 func\u021bioneaz\u0103 automat \u0219i nu necesit\u0103 supraveghere constant\u0103. Pentru transportul automat al combustibilului, este prev\u0103zut un rezervor de combustibil cu snec, care este situat deasupra cazanului. Combustibilul\u00a0 pentru\u00a0 cazanele\u00a0 de\u00a0 tip\u00a0 (KT-2EPG) este\u00a0 pele\u021bi\u00a0 de\u00a0 lemn\u00a0 care\u00a0 \u00eendeplinesc\u00a0 cerin\u021bele\u00a0 standardului\u00a0 A1\u00a0 plus.<\/p>\n<p>Cazanul este echipat cu un controler, care asigura\u00a0 func\u021bionarea cazanului cu alimentare\u00a0 \u0219i aprindere automat\u0103 a combustibilului solid granular. Detectarea fl\u0103c\u0103rii se realizeaz\u0103 folosind un senzor de temperatur\u0103 a gazelor arse. Capacitatea de a folosi termostate de camer\u0103, ajut\u0103 la men\u021binerea unei temperaturi confortabile \u00een \u00eenc\u0103perile\u00a0\u00eenc\u0103lzite<\/p>\n<div class=\"row justify-content-center\">\n<div class=\"col-auto\">\n<table class=\"table table-hover table-responsive\">\n<thead class=\"thead-dark\">\n<tr>\n<th class=\"o_default_snippet_text\">Parametri<\/th>\n<th><abbr class=\"o_default_snippet_text\" title=\"Unitate de m\u0103sur\u0103\">U.M.<\/abbr><\/th>\n<th><\/th>\n<th>33 kW<\/th>\n<th><\/th>\n<th><\/th>\n<th>40 kW<\/th>\n<th><\/th>\n<th><\/th>\n<th>50kW<\/th>\n<th><\/th>\n<\/tr>\n<\/thead>\n<tbody>\n<tr>\n<th class=\"o_default_snippet_text\">Suprafa\u021ba schimb\u0103torului de c\u0103ldur\u0103<\/th>\n<td class=\"o_default_snippet_text\">m\u00b2<\/td>\n<td><\/td>\n<td>1.3<\/td>\n<td><\/td>\n<td><\/td>\n<td>1.7<\/td>\n<td><\/td>\n<td><\/td>\n<td>2.4<\/td>\n<td><\/td>\n<\/tr>\n<\/tbody>\n<thead class=\"thead-dark\">\n<tr>\n<th class=\"o_default_snippet_text\" colspan=\"14\">Dimensiuni camera de ardere<\/th>\n<\/tr>\n<\/thead>\n<tbody>\n<tr>\n<th>Consum de combustibil la putere nominala<\/th>\n<td>kg\/h<\/td>\n<td><\/td>\n<td>4.1<\/td>\n<td><\/td>\n<td><\/td>\n<td>5.4<\/td>\n<td><\/td>\n<td><\/td>\n<td>7.5<\/td>\n<td><\/td>\n<\/tr>\n<tr>\n<th>Capacitatea buncarului de combustibil<\/th>\n<td class=\"o_default_snippet_text\">dm\u00b3<\/td>\n<td><\/td>\n<td>153<\/td>\n<td><\/td>\n<td><\/td>\n<td>188<\/td>\n<td><\/td>\n<td><\/td>\n<td>201<\/td>\n<td><\/td>\n<\/tr>\n<tr>\n<th>Volumul apei din cazan<\/th>\n<td class=\"o_default_snippet_text\">l<\/td>\n<td><\/td>\n<td>58<\/td>\n<td><\/td>\n<td><\/td>\n<td>75<\/td>\n<td><\/td>\n<td><\/td>\n<td>100<\/td>\n<td><\/td>\n<\/tr>\n<tr>\n<th>Greutate cazan f\u0103r\u0103 ap\u0103<\/th>\n<td class=\"o_default_snippet_text\">kg<\/td>\n<td><\/td>\n<td>270<\/td>\n<td><\/td>\n<td><\/td>\n<td>300<\/td>\n<td><\/td>\n<td><\/td>\n<td>370<\/td>\n<td><\/td>\n<\/tr>\n<tr>\n<th class=\"o_default_snippet_text\">Temperatura gazelor arse<\/th>\n<td class=\"o_default_snippet_text\">\u00b0C<\/td>\n<td colspan=\"9\">100-150<\/td>\n<\/tr>\n<tr>\n<th class=\"o_default_snippet_text\">Temperatura min. recomandata<\/th>\n<td class=\"o_default_snippet_text\">\u00b0C<\/td>\n<td colspan=\"9\">58<\/td>\n<\/tr>\n<tr>\n<th class=\"o_default_snippet_text\">Temperatura max. permisa a apei din cazan<\/th>\n<td class=\"o_default_snippet_text\">\u00b0C<\/td>\n<td colspan=\"9\">85<\/td>\n<\/tr>\n<tr>\n<th class=\"o_default_snippet_text\">Presiunea nominal\u0103 a apei<\/th>\n<td class=\"o_default_snippet_text\">mPa<\/td>\n<td colspan=\"9\">0.15<\/td>\n<\/tr>\n<tr>\n<th>Consum energie electrica, max<br \/>\n(in timpul operatiei)<\/th>\n<td class=\"o_default_snippet_text\">W<\/td>\n<td><\/td>\n<td><\/td>\n<td><\/td>\n<td><\/td>\n<td>80<\/td>\n<td><\/td>\n<td><\/td>\n<td><\/td>\n<td><\/td>\n<\/tr>\n<tr>\n<th>Consum energie electrica, max<br \/>\n(in timpul operatiei)<\/th>\n<td>W<\/td>\n<td><\/td>\n<td><\/td>\n<td><\/td>\n<td><\/td>\n<td>500<\/td>\n<td><\/td>\n<td><\/td>\n<td><\/td>\n<td><\/td>\n<\/tr>\n<\/tbody>\n<thead class=\"thead-dark\">\n<tr>\n<th colspan=\"14\">Parametri recomandati burlan<\/th>\n<\/tr>\n<\/thead>\n<tbody>\n<tr>\n<th class=\"o_default_snippet_text\">Sec\u021biunea transversal\u0103<\/th>\n<td class=\"o_default_snippet_text\">\u0441m\u00b2<\/td>\n<td><\/td>\n<td>95<\/td>\n<td><\/td>\n<td><\/td>\n<td>95<\/td>\n<td><\/td>\n<td><\/td>\n<td>95<\/td>\n<td><\/td>\n<\/tr>\n<tr>\n<th class=\"o_default_snippet_text\">Diametrul intern<\/th>\n<td class=\"o_default_snippet_text\">mm<\/td>\n<td><\/td>\n<td>110<\/td>\n<td><\/td>\n<td><\/td>\n<td>110<\/td>\n<td><\/td>\n<td><\/td>\n<td>110<\/td>\n<td><\/td>\n<\/tr>\n<tr>\n<th class=\"o_default_snippet_text\">Inaltime (min. recomandata)<\/th>\n<td class=\"o_default_snippet_text\">m<\/td>\n<td><\/td>\n<td>5<\/td>\n<td><\/td>\n<td><\/td>\n<td>5<\/td>\n<td><\/td>\n<td><\/td>\n<td>5<\/td>\n<td><\/td>\n<\/tr>\n<tr>\n<th>Diametru racord supapa de siguranta<\/th>\n<td class=\"o_default_snippet_text\">mm<\/td>\n<td><\/td>\n<td>15<\/td>\n<td><\/td>\n<td><\/td>\n<td>15<\/td>\n<td><\/td>\n<td><\/td>\n<td>15<\/td>\n<td><\/td>\n<\/tr>\n<tr>\n<th>Eliberarea supapei de siguranta a presiunii necesare<\/th>\n<td>mPa<\/td>\n<td><\/td>\n<td>0.20<\/td>\n<td><\/td>\n<td><\/td>\n<td>0.20<\/td>\n<td><\/td>\n<td><\/td>\n<td>0.20<\/td>\n<td><\/td>\n<\/tr>\n<\/tbody>\n<\/table>\n<\/div>\n<\/div>\n","protected":false},"excerpt":{"rendered":"<p>Lider \u00een v\u00e2nz\u0103ri pe segmentul gospod\u0103riei. Cazane cu combustibil solid pentru ardere pe termen lung pentru \u00eenc\u0103lzirea locuin\u021belor \u0219i a \u00eenc\u0103perilor de utilit\u0103\u021bi, care combin\u0103 cea mai bun\u0103 valoare pentru bani.<\/p>\n","protected":false},"featured_media":6831,"comment_status":"open","ping_status":"closed","template":"","meta":[],"product_brand":[],"product_cat":[52],"product_tag":[],"class_list":{"0":"post-6829","1":"product","2":"type-product","3":"status-publish","4":"has-post-thumbnail","6":"product_cat-cazane-pe-combustibil-solid","8":"first","9":"instock","10":"shipping-taxable","11":"purchasable","12":"product-type-variable"},"yoast_head":"<!-- This site is optimized with the Yoast SEO Premium plugin v21.2 (Yoast SEO v24.8.1) - https:\/\/yoast.com\/wordpress\/plugins\/seo\/ -->\n<title>Cazan Altep Pellets - Altep<\/title>\n<meta name=\"robots\" content=\"index, follow, max-snippet:-1, max-image-preview:large, max-video-preview:-1\" \/>\n<link rel=\"canonical\" href=\"https:\/\/feroterm.ro\/altep\/produs\/cazan-altep-pellets\/\" \/>\n<meta property=\"og:locale\" content=\"ro_RO\" \/>\n<meta property=\"og:type\" content=\"article\" \/>\n<meta property=\"og:title\" content=\"Cazan Altep Pellets - Altep\" \/>\n<meta property=\"og:description\" content=\"Lider \u00een v\u00e2nz\u0103ri pe segmentul gospod\u0103riei. Cazane cu combustibil solid pentru ardere pe termen lung pentru \u00eenc\u0103lzirea locuin\u021belor \u0219i a \u00eenc\u0103perilor de utilit\u0103\u021bi, care combin\u0103 cea mai bun\u0103 valoare pentru bani.\" \/>\n<meta property=\"og:url\" content=\"https:\/\/feroterm.ro\/altep\/produs\/cazan-altep-pellets\/\" \/>\n<meta property=\"og:site_name\" content=\"FEROTERM\" \/>\n<meta property=\"og:image\" content=\"https:\/\/feroterm.ro\/altep\/wp-content\/uploads\/2025\/04\/Altep-Pellets.png\" \/>\n\t<meta property=\"og:image:width\" content=\"231\" \/>\n\t<meta property=\"og:image:height\" content=\"532\" \/>\n\t<meta property=\"og:image:type\" content=\"image\/png\" \/>\n<meta name=\"twitter:card\" content=\"summary_large_image\" \/>\n<meta name=\"twitter:label1\" content=\"Timp estimat pentru citire\" \/>\n\t<meta name=\"twitter:data1\" content=\"2 minute\" \/>\n<script type=\"application\/ld+json\" class=\"yoast-schema-graph\">{\"@context\":\"https:\/\/schema.org\",\"@graph\":[{\"@type\":\"WebPage\",\"@id\":\"https:\/\/feroterm.ro\/altep\/produs\/cazan-altep-pellets\/\",\"url\":\"https:\/\/feroterm.ro\/altep\/produs\/cazan-altep-pellets\/\",\"name\":\"Cazan Altep Pellets - Altep\",\"isPartOf\":{\"@id\":\"https:\/\/feroterm.ro\/altep\/#website\"},\"primaryImageOfPage\":{\"@id\":\"https:\/\/feroterm.ro\/altep\/produs\/cazan-altep-pellets\/#primaryimage\"},\"image\":{\"@id\":\"https:\/\/feroterm.ro\/altep\/produs\/cazan-altep-pellets\/#primaryimage\"},\"thumbnailUrl\":\"https:\/\/feroterm.ro\/altep\/wp-content\/uploads\/2025\/04\/Altep-Pellets.png\",\"datePublished\":\"2025-04-07T12:39:58+00:00\",\"breadcrumb\":{\"@id\":\"https:\/\/feroterm.ro\/altep\/produs\/cazan-altep-pellets\/#breadcrumb\"},\"inLanguage\":\"ro-RO\",\"potentialAction\":[{\"@type\":\"ReadAction\",\"target\":[\"https:\/\/feroterm.ro\/altep\/produs\/cazan-altep-pellets\/\"]}]},{\"@type\":\"ImageObject\",\"inLanguage\":\"ro-RO\",\"@id\":\"https:\/\/feroterm.ro\/altep\/produs\/cazan-altep-pellets\/#primaryimage\",\"url\":\"https:\/\/feroterm.ro\/altep\/wp-content\/uploads\/2025\/04\/Altep-Pellets.png\",\"contentUrl\":\"https:\/\/feroterm.ro\/altep\/wp-content\/uploads\/2025\/04\/Altep-Pellets.png\",\"width\":231,\"height\":532},{\"@type\":\"BreadcrumbList\",\"@id\":\"https:\/\/feroterm.ro\/altep\/produs\/cazan-altep-pellets\/#breadcrumb\",\"itemListElement\":[{\"@type\":\"ListItem\",\"position\":1,\"name\":\"Magazin\",\"item\":\"https:\/\/feroterm.ro\/altep\/magazin\/\"},{\"@type\":\"ListItem\",\"position\":2,\"name\":\"Cazan Altep Pellets\"}]},{\"@type\":\"WebSite\",\"@id\":\"https:\/\/feroterm.ro\/altep\/#website\",\"url\":\"https:\/\/feroterm.ro\/altep\/\",\"name\":\"FEROTERM\",\"description\":\"Comercializam toata gama de cazane Altep\",\"publisher\":{\"@id\":\"https:\/\/feroterm.ro\/altep\/#organization\"},\"potentialAction\":[{\"@type\":\"SearchAction\",\"target\":{\"@type\":\"EntryPoint\",\"urlTemplate\":\"https:\/\/feroterm.ro\/altep\/?s={search_term_string}\"},\"query-input\":{\"@type\":\"PropertyValueSpecification\",\"valueRequired\":true,\"valueName\":\"search_term_string\"}}],\"inLanguage\":\"ro-RO\"},{\"@type\":\"Organization\",\"@id\":\"https:\/\/feroterm.ro\/altep\/#organization\",\"name\":\"FEROTERM\",\"url\":\"https:\/\/feroterm.ro\/altep\/\",\"logo\":{\"@type\":\"ImageObject\",\"inLanguage\":\"ro-RO\",\"@id\":\"https:\/\/feroterm.ro\/altep\/#\/schema\/logo\/image\/\",\"url\":\"https:\/\/feroterm.ro\/altep\/wp-content\/uploads\/2025\/04\/logo-feroterm.png\",\"contentUrl\":\"https:\/\/feroterm.ro\/altep\/wp-content\/uploads\/2025\/04\/logo-feroterm.png\",\"width\":346,\"height\":56,\"caption\":\"FEROTERM\"},\"image\":{\"@id\":\"https:\/\/feroterm.ro\/altep\/#\/schema\/logo\/image\/\"}}]}<\/script>\n<!-- \/ Yoast SEO Premium plugin. -->","yoast_head_json":{"title":"Cazan Altep Pellets - Altep","robots":{"index":"index","follow":"follow","max-snippet":"max-snippet:-1","max-image-preview":"max-image-preview:large","max-video-preview":"max-video-preview:-1"},"canonical":"https:\/\/feroterm.ro\/altep\/produs\/cazan-altep-pellets\/","og_locale":"ro_RO","og_type":"article","og_title":"Cazan Altep Pellets - Altep","og_description":"Lider \u00een v\u00e2nz\u0103ri pe segmentul gospod\u0103riei. Cazane cu combustibil solid pentru ardere pe termen lung pentru \u00eenc\u0103lzirea locuin\u021belor \u0219i a \u00eenc\u0103perilor de utilit\u0103\u021bi, care combin\u0103 cea mai bun\u0103 valoare pentru bani.","og_url":"https:\/\/feroterm.ro\/altep\/produs\/cazan-altep-pellets\/","og_site_name":"FEROTERM","og_image":[{"width":231,"height":532,"url":"https:\/\/feroterm.ro\/altep\/wp-content\/uploads\/2025\/04\/Altep-Pellets.png","type":"image\/png"}],"twitter_card":"summary_large_image","twitter_misc":{"Timp estimat pentru citire":"2 minute"},"schema":{"@context":"https:\/\/schema.org","@graph":[{"@type":"WebPage","@id":"https:\/\/feroterm.ro\/altep\/produs\/cazan-altep-pellets\/","url":"https:\/\/feroterm.ro\/altep\/produs\/cazan-altep-pellets\/","name":"Cazan Altep Pellets - Altep","isPartOf":{"@id":"https:\/\/feroterm.ro\/altep\/#website"},"primaryImageOfPage":{"@id":"https:\/\/feroterm.ro\/altep\/produs\/cazan-altep-pellets\/#primaryimage"},"image":{"@id":"https:\/\/feroterm.ro\/altep\/produs\/cazan-altep-pellets\/#primaryimage"},"thumbnailUrl":"https:\/\/feroterm.ro\/altep\/wp-content\/uploads\/2025\/04\/Altep-Pellets.png","datePublished":"2025-04-07T12:39:58+00:00","breadcrumb":{"@id":"https:\/\/feroterm.ro\/altep\/produs\/cazan-altep-pellets\/#breadcrumb"},"inLanguage":"ro-RO","potentialAction":[{"@type":"ReadAction","target":["https:\/\/feroterm.ro\/altep\/produs\/cazan-altep-pellets\/"]}]},{"@type":"ImageObject","inLanguage":"ro-RO","@id":"https:\/\/feroterm.ro\/altep\/produs\/cazan-altep-pellets\/#primaryimage","url":"https:\/\/feroterm.ro\/altep\/wp-content\/uploads\/2025\/04\/Altep-Pellets.png","contentUrl":"https:\/\/feroterm.ro\/altep\/wp-content\/uploads\/2025\/04\/Altep-Pellets.png","width":231,"height":532},{"@type":"BreadcrumbList","@id":"https:\/\/feroterm.ro\/altep\/produs\/cazan-altep-pellets\/#breadcrumb","itemListElement":[{"@type":"ListItem","position":1,"name":"Magazin","item":"https:\/\/feroterm.ro\/altep\/magazin\/"},{"@type":"ListItem","position":2,"name":"Cazan Altep Pellets"}]},{"@type":"WebSite","@id":"https:\/\/feroterm.ro\/altep\/#website","url":"https:\/\/feroterm.ro\/altep\/","name":"FEROTERM","description":"Comercializam toata gama de cazane Altep","publisher":{"@id":"https:\/\/feroterm.ro\/altep\/#organization"},"potentialAction":[{"@type":"SearchAction","target":{"@type":"EntryPoint","urlTemplate":"https:\/\/feroterm.ro\/altep\/?s={search_term_string}"},"query-input":{"@type":"PropertyValueSpecification","valueRequired":true,"valueName":"search_term_string"}}],"inLanguage":"ro-RO"},{"@type":"Organization","@id":"https:\/\/feroterm.ro\/altep\/#organization","name":"FEROTERM","url":"https:\/\/feroterm.ro\/altep\/","logo":{"@type":"ImageObject","inLanguage":"ro-RO","@id":"https:\/\/feroterm.ro\/altep\/#\/schema\/logo\/image\/","url":"https:\/\/feroterm.ro\/altep\/wp-content\/uploads\/2025\/04\/logo-feroterm.png","contentUrl":"https:\/\/feroterm.ro\/altep\/wp-content\/uploads\/2025\/04\/logo-feroterm.png","width":346,"height":56,"caption":"FEROTERM"},"image":{"@id":"https:\/\/feroterm.ro\/altep\/#\/schema\/logo\/image\/"}}]}},"_links":{"self":[{"href":"https:\/\/feroterm.ro\/altep\/wp-json\/wp\/v2\/product\/6829","targetHints":{"allow":["GET"]}}],"collection":[{"href":"https:\/\/feroterm.ro\/altep\/wp-json\/wp\/v2\/product"}],"about":[{"href":"https:\/\/feroterm.ro\/altep\/wp-json\/wp\/v2\/types\/product"}],"replies":[{"embeddable":true,"href":"https:\/\/feroterm.ro\/altep\/wp-json\/wp\/v2\/comments?post=6829"}],"wp:featuredmedia":[{"embeddable":true,"href":"https:\/\/feroterm.ro\/altep\/wp-json\/wp\/v2\/media\/6831"}],"wp:attachment":[{"href":"https:\/\/feroterm.ro\/altep\/wp-json\/wp\/v2\/media?parent=6829"}],"wp:term":[{"taxonomy":"product_brand","embeddable":true,"href":"https:\/\/feroterm.ro\/altep\/wp-json\/wp\/v2\/product_brand?post=6829"},{"taxonomy":"product_cat","embeddable":true,"href":"https:\/\/feroterm.ro\/altep\/wp-json\/wp\/v2\/product_cat?post=6829"},{"taxonomy":"product_tag","embeddable":true,"href":"https:\/\/feroterm.ro\/altep\/wp-json\/wp\/v2\/product_tag?post=6829"}],"curies":[{"name":"wp","href":"https:\/\/api.w.org\/{rel}","templated":true}]}}