{"id":6817,"date":"2025-04-07T12:30:33","date_gmt":"2025-04-07T12:30:33","guid":{"rendered":"https:\/\/feroterm.ro\/altep\/?post_type=product&#038;p=6817"},"modified":"2025-04-09T06:33:39","modified_gmt":"2025-04-09T06:33:39","slug":"centrala-altep-turbo","status":"publish","type":"product","link":"https:\/\/feroterm.ro\/altep\/produs\/centrala-altep-turbo\/","title":{"rendered":"Centrala Altep Turbo"},"content":{"rendered":"<h3>Caracteristici\u00a0Turbo<\/h3>\n<h3><\/h3>\n<p>Aceste cazane cu ardere \u00eendelungat\u0103 sunt destinate \u00eenc\u0103lzirii spatiilor de produc\u021bie mici, pensiunilor \u0219i caselor .<\/p>\n<p>Schimb\u0103torul de c\u0103ldur\u0103 este realizat sub form\u0103 de rafturi din \u021bevi f\u0103r\u0103 sudur\u0103. Dimensiunile mari ale schimb\u0103torului de c\u0103ldur\u0103 asigur\u0103 un transfer maxim de c\u0103ldur\u0103. Sistemul de alimentare cu aer multi-canal \u0219i dispunerea simetric\u0103 a conductelor de aer asigur\u0103 o combustie uniform\u0103 \u0219i eficient\u0103 a combustibilului. Designul unic al cazanului permite ajustarea randamentului declarat cu un consum destul de mic de combustibil.<\/p>\n<p>Combustibili: Lemn, rumegus, peleti, tocatura lemnoasa, crengi<\/p>\n<p>Combustibilul este \u00eenc\u0103rcat manual. U\u0219a \u00eenclinat\u0103 face aceast\u0103 procedur\u0103 mai comoda. Este posibil s\u0103 instala\u021bi un arz\u0103tor cu pele\u021bi, ceea ce va permite furnizarea de combustibil frac\u021bionat \u00een regim automat.<\/p>\n<p>Procesul de ardere este controlat de unitatea de control PID.<\/p>\n<div class=\"row justify-content-center\">\n<div class=\"col-auto\">\n<table class=\"table table-hover table-responsive\">\n<thead class=\"thead-dark\">\n<tr>\n<th class=\"o_default_snippet_text\">Parametri<\/th>\n<th><abbr class=\"o_default_snippet_text\" title=\"Unitate de m\u0103sur\u0103\">U.M.<\/abbr><\/th>\n<th>15 kW<\/th>\n<th>20 kW<\/th>\n<th>35 kW<\/th>\n<th>50 kW<\/th>\n<\/tr>\n<\/thead>\n<tbody>\n<tr>\n<th>Suprafa\u021ba schimb\u0103torului de c\u0103ldur\u0103<\/th>\n<td class=\"o_default_snippet_text\">m\u00b2<\/td>\n<td>1,8<\/td>\n<td>2,4<\/td>\n<td>3,3<\/td>\n<td>4,4<\/td>\n<\/tr>\n<\/tbody>\n<thead class=\"thead-dark\">\n<tr>\n<th colspan=\"10\">Dimensiuni camera de ardere<\/th>\n<\/tr>\n<\/thead>\n<tbody>\n<tr>\n<th>Volum<\/th>\n<td class=\"o_default_snippet_text\">dm\u00b3<\/td>\n<td>134<\/td>\n<td>206<\/td>\n<td>385<\/td>\n<td>617<\/td>\n<\/tr>\n<tr>\n<th class=\"o_default_snippet_text\">Volumul apei din cazan<\/th>\n<td class=\"o_default_snippet_text\">l<\/td>\n<td>49<\/td>\n<td>66<\/td>\n<td>92<\/td>\n<td>131<\/td>\n<\/tr>\n<tr>\n<th class=\"o_default_snippet_text\">Greutate cazan f\u0103r\u0103 ap\u0103<\/th>\n<td class=\"o_default_snippet_text\">kg<\/td>\n<td>215<\/td>\n<td>250<\/td>\n<td>335<\/td>\n<td>490<\/td>\n<\/tr>\n<tr>\n<th class=\"o_default_snippet_text\">Temperatura gazelor arse<\/th>\n<td class=\"o_default_snippet_text\">\u00b0C<\/td>\n<td colspan=\"9\">100 &#8211; 180<\/td>\n<\/tr>\n<tr>\n<th class=\"o_default_snippet_text\">Temperatura min. recomandata<\/th>\n<td class=\"o_default_snippet_text\">\u00b0C<\/td>\n<td colspan=\"9\">58<\/td>\n<\/tr>\n<tr>\n<th class=\"o_default_snippet_text\">Temperatura max. permisa a apei din cazan<\/th>\n<td class=\"o_default_snippet_text\">\u00b0C<\/td>\n<td colspan=\"9\">85<\/td>\n<\/tr>\n<tr>\n<th class=\"o_default_snippet_text\">Presiunea nominal\u0103 a apei<\/th>\n<td class=\"o_default_snippet_text\">mPa<\/td>\n<td colspan=\"9\">0,15<\/td>\n<\/tr>\n<tr>\n<th class=\"o_default_snippet_text\">Consum energie electrica, max<\/th>\n<td class=\"o_default_snippet_text\">W<\/td>\n<td>85<\/td>\n<td>85<\/td>\n<td>105<\/td>\n<td>160<\/td>\n<\/tr>\n<tr>\n<th class=\"o_default_snippet_text\">Diametrul ext al gurii de evacuare<\/th>\n<td class=\"o_default_snippet_text\">mm<\/td>\n<td>159<\/td>\n<td>159<\/td>\n<td>178<\/td>\n<td>219<\/td>\n<\/tr>\n<tr>\n<th class=\"o_default_snippet_text\">Diametrul \u021bevilor conexiune re\u021bea apa<\/th>\n<td>mm<\/td>\n<td>40<\/td>\n<td>40<\/td>\n<td>50<\/td>\n<td>50<\/td>\n<\/tr>\n<\/tbody>\n<thead class=\"thead-dark\">\n<tr>\n<th colspan=\"10\">Parametri recomandati burlan<\/th>\n<\/tr>\n<\/thead>\n<tbody>\n<tr>\n<th class=\"o_default_snippet_text\">Sec\u021biunea transversal\u0103<\/th>\n<td class=\"o_default_snippet_text\">\u0441m\u00b2<\/td>\n<td>200<\/td>\n<td>200<\/td>\n<td>248<\/td>\n<td>377<\/td>\n<\/tr>\n<tr>\n<th class=\"o_default_snippet_text\">Diametrul intern<\/th>\n<td class=\"o_default_snippet_text\">mm<\/td>\n<td>160<\/td>\n<td>160<\/td>\n<td>180<\/td>\n<td>220<\/td>\n<\/tr>\n<tr>\n<th class=\"o_default_snippet_text\">Inaltime (min. recomandata)<\/th>\n<td class=\"o_default_snippet_text\">m<\/td>\n<td>5<\/td>\n<td>5<\/td>\n<td>6<\/td>\n<td>6<\/td>\n<\/tr>\n<tr>\n<th class=\"o_default_snippet_text\">Diametru \u021bevii de sub sigurantele supapei<\/th>\n<td class=\"o_default_snippet_text\">mm<\/td>\n<td>15<\/td>\n<td>15<\/td>\n<td>15<\/td>\n<td>20<\/td>\n<\/tr>\n<tr>\n<th class=\"o_default_snippet_text\">Diametrul \u021bevii de scurgere a apei din cazan<\/th>\n<td class=\"o_default_snippet_text\">mm<\/td>\n<td>40<\/td>\n<td>40<\/td>\n<td>50<\/td>\n<td>50<\/td>\n<\/tr>\n<\/tbody>\n<\/table>\n<\/div>\n<\/div>\n","protected":false},"excerpt":{"rendered":"<p>Aceste cazane cu ardere \u00eendelungat\u0103 sunt destinate \u00eenc\u0103lzirii spatiilor de produc\u021bie mici,<br \/>\npensiunilor \u0219i caselor.<\/p>\n<p>&#8211; 20 kW ( \u00eenc\u0103lze\u0219te suprafa\u021ba p\u00e2n\u0103 la 200 m\u00b2<br \/>\n&#8211; 35 kW ( \u00eenc\u0103lze\u0219te suprafa\u021ba p\u00e2n\u0103 la 350 m\u00b2<br \/>\n&#8211; 50 kW ( \u00eenc\u0103lze\u0219te suprafa\u021ba p\u00e2n\u0103 la 500 m\u00b2<\/p>\n<p>Preturile includ automatizarea corespunz\u0103toare \u0219i ventilator.<\/p>\n","protected":false},"featured_media":6820,"comment_status":"open","ping_status":"closed","template":"","meta":[],"product_brand":[],"product_cat":[52,53],"product_tag":[],"class_list":{"0":"post-6817","1":"product","2":"type-product","3":"status-publish","4":"has-post-thumbnail","6":"product_cat-cazane-pe-combustibil-solid","7":"product_cat-centrale-pe-peleti","9":"first","10":"instock","11":"shipping-taxable","12":"purchasable","13":"product-type-variable"},"yoast_head":"<!-- This site is optimized with the Yoast SEO Premium plugin v21.2 (Yoast SEO v24.8.1) - https:\/\/yoast.com\/wordpress\/plugins\/seo\/ -->\n<title>Centrala Altep Turbo - Altep<\/title>\n<meta name=\"robots\" content=\"index, follow, max-snippet:-1, max-image-preview:large, max-video-preview:-1\" \/>\n<link rel=\"canonical\" href=\"https:\/\/feroterm.ro\/altep\/produs\/centrala-altep-turbo\/\" \/>\n<meta property=\"og:locale\" content=\"ro_RO\" \/>\n<meta property=\"og:type\" content=\"article\" \/>\n<meta property=\"og:title\" content=\"Centrala Altep Turbo - Altep\" \/>\n<meta property=\"og:description\" content=\"Aceste cazane cu ardere \u00eendelungat\u0103 sunt destinate \u00eenc\u0103lzirii spatiilor de produc\u021bie mici, pensiunilor \u0219i caselor.  - 20 kW ( \u00eenc\u0103lze\u0219te suprafa\u021ba p\u00e2n\u0103 la 200 m\u00b2 - 35 kW ( \u00eenc\u0103lze\u0219te suprafa\u021ba p\u00e2n\u0103 la 350 m\u00b2 - 50 kW ( \u00eenc\u0103lze\u0219te suprafa\u021ba p\u00e2n\u0103 la 500 m\u00b2  Preturile includ automatizarea corespunz\u0103toare \u0219i ventilator.\" \/>\n<meta property=\"og:url\" content=\"https:\/\/feroterm.ro\/altep\/produs\/centrala-altep-turbo\/\" \/>\n<meta property=\"og:site_name\" content=\"FEROTERM\" \/>\n<meta property=\"article:modified_time\" content=\"2025-04-09T06:33:39+00:00\" \/>\n<meta property=\"og:image\" content=\"https:\/\/feroterm.ro\/altep\/wp-content\/uploads\/2025\/04\/Turbo-10-kW.png\" \/>\n\t<meta property=\"og:image:width\" content=\"422\" \/>\n\t<meta property=\"og:image:height\" content=\"1024\" \/>\n\t<meta property=\"og:image:type\" content=\"image\/png\" \/>\n<meta name=\"twitter:card\" content=\"summary_large_image\" \/>\n<meta name=\"twitter:label1\" content=\"Timp estimat pentru citire\" \/>\n\t<meta name=\"twitter:data1\" content=\"2 minute\" \/>\n<script type=\"application\/ld+json\" class=\"yoast-schema-graph\">{\"@context\":\"https:\/\/schema.org\",\"@graph\":[{\"@type\":\"WebPage\",\"@id\":\"https:\/\/feroterm.ro\/altep\/produs\/centrala-altep-turbo\/\",\"url\":\"https:\/\/feroterm.ro\/altep\/produs\/centrala-altep-turbo\/\",\"name\":\"Centrala Altep Turbo - Altep\",\"isPartOf\":{\"@id\":\"https:\/\/feroterm.ro\/altep\/#website\"},\"primaryImageOfPage\":{\"@id\":\"https:\/\/feroterm.ro\/altep\/produs\/centrala-altep-turbo\/#primaryimage\"},\"image\":{\"@id\":\"https:\/\/feroterm.ro\/altep\/produs\/centrala-altep-turbo\/#primaryimage\"},\"thumbnailUrl\":\"https:\/\/feroterm.ro\/altep\/wp-content\/uploads\/2025\/04\/Turbo-10-kW.png\",\"datePublished\":\"2025-04-07T12:30:33+00:00\",\"dateModified\":\"2025-04-09T06:33:39+00:00\",\"breadcrumb\":{\"@id\":\"https:\/\/feroterm.ro\/altep\/produs\/centrala-altep-turbo\/#breadcrumb\"},\"inLanguage\":\"ro-RO\",\"potentialAction\":[{\"@type\":\"ReadAction\",\"target\":[\"https:\/\/feroterm.ro\/altep\/produs\/centrala-altep-turbo\/\"]}]},{\"@type\":\"ImageObject\",\"inLanguage\":\"ro-RO\",\"@id\":\"https:\/\/feroterm.ro\/altep\/produs\/centrala-altep-turbo\/#primaryimage\",\"url\":\"https:\/\/feroterm.ro\/altep\/wp-content\/uploads\/2025\/04\/Turbo-10-kW.png\",\"contentUrl\":\"https:\/\/feroterm.ro\/altep\/wp-content\/uploads\/2025\/04\/Turbo-10-kW.png\",\"width\":422,\"height\":1024},{\"@type\":\"BreadcrumbList\",\"@id\":\"https:\/\/feroterm.ro\/altep\/produs\/centrala-altep-turbo\/#breadcrumb\",\"itemListElement\":[{\"@type\":\"ListItem\",\"position\":1,\"name\":\"Magazin\",\"item\":\"https:\/\/feroterm.ro\/altep\/magazin\/\"},{\"@type\":\"ListItem\",\"position\":2,\"name\":\"Centrala Altep Turbo\"}]},{\"@type\":\"WebSite\",\"@id\":\"https:\/\/feroterm.ro\/altep\/#website\",\"url\":\"https:\/\/feroterm.ro\/altep\/\",\"name\":\"FEROTERM\",\"description\":\"Comercializam toata gama de cazane Altep\",\"publisher\":{\"@id\":\"https:\/\/feroterm.ro\/altep\/#organization\"},\"potentialAction\":[{\"@type\":\"SearchAction\",\"target\":{\"@type\":\"EntryPoint\",\"urlTemplate\":\"https:\/\/feroterm.ro\/altep\/?s={search_term_string}\"},\"query-input\":{\"@type\":\"PropertyValueSpecification\",\"valueRequired\":true,\"valueName\":\"search_term_string\"}}],\"inLanguage\":\"ro-RO\"},{\"@type\":\"Organization\",\"@id\":\"https:\/\/feroterm.ro\/altep\/#organization\",\"name\":\"FEROTERM\",\"url\":\"https:\/\/feroterm.ro\/altep\/\",\"logo\":{\"@type\":\"ImageObject\",\"inLanguage\":\"ro-RO\",\"@id\":\"https:\/\/feroterm.ro\/altep\/#\/schema\/logo\/image\/\",\"url\":\"https:\/\/feroterm.ro\/altep\/wp-content\/uploads\/2025\/04\/logo-feroterm.png\",\"contentUrl\":\"https:\/\/feroterm.ro\/altep\/wp-content\/uploads\/2025\/04\/logo-feroterm.png\",\"width\":346,\"height\":56,\"caption\":\"FEROTERM\"},\"image\":{\"@id\":\"https:\/\/feroterm.ro\/altep\/#\/schema\/logo\/image\/\"}}]}<\/script>\n<!-- \/ Yoast SEO Premium plugin. -->","yoast_head_json":{"title":"Centrala Altep Turbo - Altep","robots":{"index":"index","follow":"follow","max-snippet":"max-snippet:-1","max-image-preview":"max-image-preview:large","max-video-preview":"max-video-preview:-1"},"canonical":"https:\/\/feroterm.ro\/altep\/produs\/centrala-altep-turbo\/","og_locale":"ro_RO","og_type":"article","og_title":"Centrala Altep Turbo - Altep","og_description":"Aceste cazane cu ardere \u00eendelungat\u0103 sunt destinate \u00eenc\u0103lzirii spatiilor de produc\u021bie mici, pensiunilor \u0219i caselor.  - 20 kW ( \u00eenc\u0103lze\u0219te suprafa\u021ba p\u00e2n\u0103 la 200 m\u00b2 - 35 kW ( \u00eenc\u0103lze\u0219te suprafa\u021ba p\u00e2n\u0103 la 350 m\u00b2 - 50 kW ( \u00eenc\u0103lze\u0219te suprafa\u021ba p\u00e2n\u0103 la 500 m\u00b2  Preturile includ automatizarea corespunz\u0103toare \u0219i ventilator.","og_url":"https:\/\/feroterm.ro\/altep\/produs\/centrala-altep-turbo\/","og_site_name":"FEROTERM","article_modified_time":"2025-04-09T06:33:39+00:00","og_image":[{"width":422,"height":1024,"url":"https:\/\/feroterm.ro\/altep\/wp-content\/uploads\/2025\/04\/Turbo-10-kW.png","type":"image\/png"}],"twitter_card":"summary_large_image","twitter_misc":{"Timp estimat pentru citire":"2 minute"},"schema":{"@context":"https:\/\/schema.org","@graph":[{"@type":"WebPage","@id":"https:\/\/feroterm.ro\/altep\/produs\/centrala-altep-turbo\/","url":"https:\/\/feroterm.ro\/altep\/produs\/centrala-altep-turbo\/","name":"Centrala Altep Turbo - Altep","isPartOf":{"@id":"https:\/\/feroterm.ro\/altep\/#website"},"primaryImageOfPage":{"@id":"https:\/\/feroterm.ro\/altep\/produs\/centrala-altep-turbo\/#primaryimage"},"image":{"@id":"https:\/\/feroterm.ro\/altep\/produs\/centrala-altep-turbo\/#primaryimage"},"thumbnailUrl":"https:\/\/feroterm.ro\/altep\/wp-content\/uploads\/2025\/04\/Turbo-10-kW.png","datePublished":"2025-04-07T12:30:33+00:00","dateModified":"2025-04-09T06:33:39+00:00","breadcrumb":{"@id":"https:\/\/feroterm.ro\/altep\/produs\/centrala-altep-turbo\/#breadcrumb"},"inLanguage":"ro-RO","potentialAction":[{"@type":"ReadAction","target":["https:\/\/feroterm.ro\/altep\/produs\/centrala-altep-turbo\/"]}]},{"@type":"ImageObject","inLanguage":"ro-RO","@id":"https:\/\/feroterm.ro\/altep\/produs\/centrala-altep-turbo\/#primaryimage","url":"https:\/\/feroterm.ro\/altep\/wp-content\/uploads\/2025\/04\/Turbo-10-kW.png","contentUrl":"https:\/\/feroterm.ro\/altep\/wp-content\/uploads\/2025\/04\/Turbo-10-kW.png","width":422,"height":1024},{"@type":"BreadcrumbList","@id":"https:\/\/feroterm.ro\/altep\/produs\/centrala-altep-turbo\/#breadcrumb","itemListElement":[{"@type":"ListItem","position":1,"name":"Magazin","item":"https:\/\/feroterm.ro\/altep\/magazin\/"},{"@type":"ListItem","position":2,"name":"Centrala Altep Turbo"}]},{"@type":"WebSite","@id":"https:\/\/feroterm.ro\/altep\/#website","url":"https:\/\/feroterm.ro\/altep\/","name":"FEROTERM","description":"Comercializam toata gama de cazane Altep","publisher":{"@id":"https:\/\/feroterm.ro\/altep\/#organization"},"potentialAction":[{"@type":"SearchAction","target":{"@type":"EntryPoint","urlTemplate":"https:\/\/feroterm.ro\/altep\/?s={search_term_string}"},"query-input":{"@type":"PropertyValueSpecification","valueRequired":true,"valueName":"search_term_string"}}],"inLanguage":"ro-RO"},{"@type":"Organization","@id":"https:\/\/feroterm.ro\/altep\/#organization","name":"FEROTERM","url":"https:\/\/feroterm.ro\/altep\/","logo":{"@type":"ImageObject","inLanguage":"ro-RO","@id":"https:\/\/feroterm.ro\/altep\/#\/schema\/logo\/image\/","url":"https:\/\/feroterm.ro\/altep\/wp-content\/uploads\/2025\/04\/logo-feroterm.png","contentUrl":"https:\/\/feroterm.ro\/altep\/wp-content\/uploads\/2025\/04\/logo-feroterm.png","width":346,"height":56,"caption":"FEROTERM"},"image":{"@id":"https:\/\/feroterm.ro\/altep\/#\/schema\/logo\/image\/"}}]}},"_links":{"self":[{"href":"https:\/\/feroterm.ro\/altep\/wp-json\/wp\/v2\/product\/6817","targetHints":{"allow":["GET"]}}],"collection":[{"href":"https:\/\/feroterm.ro\/altep\/wp-json\/wp\/v2\/product"}],"about":[{"href":"https:\/\/feroterm.ro\/altep\/wp-json\/wp\/v2\/types\/product"}],"replies":[{"embeddable":true,"href":"https:\/\/feroterm.ro\/altep\/wp-json\/wp\/v2\/comments?post=6817"}],"wp:featuredmedia":[{"embeddable":true,"href":"https:\/\/feroterm.ro\/altep\/wp-json\/wp\/v2\/media\/6820"}],"wp:attachment":[{"href":"https:\/\/feroterm.ro\/altep\/wp-json\/wp\/v2\/media?parent=6817"}],"wp:term":[{"taxonomy":"product_brand","embeddable":true,"href":"https:\/\/feroterm.ro\/altep\/wp-json\/wp\/v2\/product_brand?post=6817"},{"taxonomy":"product_cat","embeddable":true,"href":"https:\/\/feroterm.ro\/altep\/wp-json\/wp\/v2\/product_cat?post=6817"},{"taxonomy":"product_tag","embeddable":true,"href":"https:\/\/feroterm.ro\/altep\/wp-json\/wp\/v2\/product_tag?post=6817"}],"curies":[{"name":"wp","href":"https:\/\/api.w.org\/{rel}","templated":true}]}}