{"id":6586,"date":"2025-04-07T10:59:57","date_gmt":"2025-04-07T10:59:57","guid":{"rendered":"https:\/\/feroterm.ro\/altep\/?post_type=product&#038;p=6586"},"modified":"2025-04-07T10:59:57","modified_gmt":"2025-04-07T10:59:57","slug":"cazan-industrial-altep-bio-uni","status":"publish","type":"product","link":"https:\/\/feroterm.ro\/altep\/produs\/cazan-industrial-altep-bio-uni\/","title":{"rendered":"Cazan industrial Altep Bio Uni"},"content":{"rendered":"<h3>Cazan termic, model universal\u00a0<span>Bio Uni<\/span><\/h3>\n<p>Cazan termic universal BIO UNI recomandat pentru \u00eenc\u0103lzirea spa\u021biilor industriale , depozitare \u0219i alte cl\u0103diri de mari dimensiuni, care sunt deja echipate cu un sistem de \u00eenc\u0103lzire centralizat pentru furnizarea de c\u0103ldur\u0103 \u00een nevoile tehnologice, folosind antracit, c\u0103rbune, lemn de foc \u0219i altele ca combustibil.<\/p>\n<p>Proiectarea cazanului permite utilizarea cea mai eficienta a c\u0103ldurii generate \u00een timpul arderii diferitelor tipuri de combustibili solizi cu pu\u021bine calorii, iar randamentul maxim de c\u0103ldurii al cazanului este ob\u021binut prin arderea antracitului.<\/p>\n<p>Cazanele Bio Uni sunt folosite \u00een module mobile \u0219i fixe pentru sistemele \u00eenchise de alimentare cu c\u0103ldur\u0103.<\/p>\n<div class=\"s_alert clearfix alert-delta w-100 s_alert_md\" data-name=\"Alert\">\n<div class=\"s_alert_content\">\n<p>Exista posibilitatea instal\u0103rii suplimentare a bunc\u0103rului \u0219i a \u0219necului de alimentare automat\u0103 a combustibilului.<br \/>\nCu aceasta configurare, cazanul va func\u021biona autonom cu toc\u0103tura lemnoasa, turba, rumegu\u0219, pele\u021bi de toate tipurile, cat \u0219i pe c\u0103rbune frac\u021bionat.<\/p>\n<\/div>\n<\/div>\n<h4>\u00a0\u00a0\u00a0\u00a0Caracteristicile\u00a0 cazanului<\/h4>\n<p>Pentru protejarea pierderii de c\u0103ldur\u0103 a cazanului prin pere\u021bii exteriori, am \u00eembr\u0103cat cazanul cu un strat de izola\u021bie termica plasat sub carcasa decorativ\u0103 a acestuia.<\/p>\n<p>U\u0219ile cazanului sunt reglabile \u0219i au un \u0219nur termoizolant ce etan\u0219eaz\u0103 u\u0219i\u021ba de gura cazanului, astfel garant\u00e2nd izola\u021bia ermetic\u0103 perfect\u0103 a camerei de ardere.<\/p>\n<p>Combustibilul este a\u0219ezat pe grilajul de fonta din camera de ardere. Dup\u0103 aprinderea acestuia are loc arderea cu ajutorul injec\u021biei de aer adus cu ajutorul ventilatoarelor ata\u0219ate cazanului. Reglarea func\u021bion\u0103rii ventilatoarelor se face cu ajutorul blocului de comanda.<\/p>\n<p>Aerul este suflat prin duzele situate deasupra grilajului 30 % \u0219i sub acesta 70 % ,pentru arderea completa a gazelor rezultate \u00een urma arderii combustibilului.<\/p>\n<p>Partea convex\u0103 este format\u0103 din doua r\u00e2nduri cu tuburi de foc.<\/p>\n<p>Pentru \u00eembun\u0103t\u0103\u021birea performan\u021bei cazanului \u0219i generarea de c\u0103ldur\u0103, camera de ardere este c\u0103ptu\u0219ita cu c\u0103r\u0103mida de \u0219amot.<\/p>\n<p>Gazele arse ies din co\u0219 printr-un colector de fum de forma rotunda, situat \u00een partea din spate a cazanului.<\/p>\n<div class=\"row justify-content-center\">\n<div class=\"col-auto\">\n<table class=\"table table-hover table-responsive\">\n<thead class=\"thead-dark\">\n<tr>\n<th>Parametri<\/th>\n<th><abbr title=\"Unitate de m\u0103sur\u0103\">U.M.<\/abbr><\/th>\n<th>100 kW<\/th>\n<th>150 kW<\/th>\n<th>200 kW<\/th>\n<th>250 kW<\/th>\n<th>300 kW<\/th>\n<th>400 kW<\/th>\n<th>500 kW<\/th>\n<th>600 kW<\/th>\n<th>700 kW<\/th>\n<th>800 kW<\/th>\n<th>1000 kW<\/th>\n<\/tr>\n<\/thead>\n<tbody>\n<tr>\n<th>Randament, min<\/th>\n<td>%<\/td>\n<td colspan=\"11\">86<\/td>\n<\/tr>\n<tr>\n<th>Volumul apei din cazan<\/th>\n<td>m\u00b3<\/td>\n<td>0,5<\/td>\n<td>0,6<\/td>\n<td>0,8<\/td>\n<td>1,0<\/td>\n<td>1,2<\/td>\n<td>1,5<\/td>\n<td>1,9<\/td>\n<td>2,0<\/td>\n<td>2,2<\/td>\n<td>2,3<\/td>\n<td>2,8<\/td>\n<\/tr>\n<tr>\n<th>Greutate cazan, f\u0103r\u0103 apa<\/th>\n<td>kg<\/td>\n<td>1200<\/td>\n<td>1250<\/td>\n<td>1450<\/td>\n<td>1800<\/td>\n<td>2680<\/td>\n<td>3330<\/td>\n<td>3900<\/td>\n<td>3900<\/td>\n<td>4100<\/td>\n<td>4500<\/td>\n<td>4850<\/td>\n<\/tr>\n<tr>\n<th>Tirajul necesar a gazelor arse<\/th>\n<td>Pa<\/td>\n<td colspan=\"11\">60-80<\/td>\n<\/tr>\n<tr>\n<th>Temperatura gazelor arse la evacuare<\/th>\n<td>\u00b0C<\/td>\n<td colspan=\"11\">100-180<\/td>\n<\/tr>\n<tr>\n<th>temperatura min recomandata<\/th>\n<td>\u00b0C<\/td>\n<td colspan=\"11\">58<\/td>\n<\/tr>\n<tr>\n<th>Temperatura max. a apei<\/th>\n<td>\u00b0C<\/td>\n<td colspan=\"11\">85<\/td>\n<\/tr>\n<tr>\n<th>Presiunea nominal\u0103 a apei (max. recomandata)<\/th>\n<td>mPa<\/td>\n<td colspan=\"11\">0,30<\/td>\n<\/tr>\n<tr>\n<th>Presiunea apei , max<\/th>\n<td>mPa<\/td>\n<td colspan=\"11\">0,45<\/td>\n<\/tr>\n<tr>\n<th>Consum curent electric, max<\/th>\n<td>Wt<\/td>\n<td>170<\/td>\n<td>210<\/td>\n<td>210<\/td>\n<td>210<\/td>\n<td>320<\/td>\n<td>490<\/td>\n<td>810<\/td>\n<td>1110<\/td>\n<td>1110<\/td>\n<td>1110<\/td>\n<td>1110<\/td>\n<\/tr>\n<tr>\n<th>Tensiunea re\u021belei<\/th>\n<td>V<\/td>\n<td colspan=\"11\">220<\/td>\n<\/tr>\n<\/tbody>\n<thead class=\"thead-dark\">\n<tr>\n<th colspan=\"13\">M\u0103rimi burlan<\/th>\n<\/tr>\n<\/thead>\n<tbody>\n<tr>\n<th>Sec\u021biunea transversal\u0103<\/th>\n<td>cm\u00b2<\/td>\n<td>660<\/td>\n<td>660<\/td>\n<td>908<\/td>\n<td>1194<\/td>\n<td>1520<\/td>\n<td>1885<\/td>\n<td>2290<\/td>\n<td>2290<\/td>\n<td>2290<\/td>\n<td>2290<\/td>\n<td>2290<\/td>\n<\/tr>\n<tr>\n<th>Diametrul intern<\/th>\n<td>mm<\/td>\n<td>300<\/td>\n<td>300<\/td>\n<td>350<\/td>\n<td>400<\/td>\n<td>450<\/td>\n<td>500<\/td>\n<td>550<\/td>\n<td>550<\/td>\n<td>550<\/td>\n<td>550<\/td>\n<td>550<\/td>\n<\/tr>\n<tr>\n<th>\u00cen\u0103l\u021bime (min permisa)<\/th>\n<td>m<\/td>\n<td>7<\/td>\n<td>9<\/td>\n<td>9<\/td>\n<td>10<\/td>\n<td>12<\/td>\n<td>13<\/td>\n<td>14<\/td>\n<td>15<\/td>\n<td>18<\/td>\n<td>21<\/td>\n<td>27<\/td>\n<\/tr>\n<tr>\n<th>Diametrul \u021bevii re\u021belelor de apa, tur \u0219i retur (Du)<\/th>\n<td>mm<\/td>\n<td>65<\/td>\n<td>65<\/td>\n<td>65<\/td>\n<td>65<\/td>\n<td>80<\/td>\n<td>80<\/td>\n<td>80<\/td>\n<td>80<\/td>\n<td>100<\/td>\n<td>100<\/td>\n<td>100<\/td>\n<\/tr>\n<tr>\n<th>Diametrul \u021bevii de sub siguran\u021bele supapei (Du)<\/th>\n<td>mm<\/td>\n<td>50<\/td>\n<td>50<\/td>\n<td>50<\/td>\n<td>50<\/td>\n<td>50<\/td>\n<td>2\u00d750<\/td>\n<td>2\u00d750<\/td>\n<td>2\u00d750<\/td>\n<td>2\u00d750<\/td>\n<td>2\u00d750<\/td>\n<td>2\u00d765<\/td>\n<\/tr>\n<tr>\n<th>Presiune la care este activata siguran\u021ba supapei<\/th>\n<td>mPa<\/td>\n<td colspan=\"11\">0,35<\/td>\n<\/tr>\n<\/tbody>\n<\/table>\n<\/div>\n<\/div>\n","protected":false},"excerpt":{"rendered":"<p>Cazan termic, model universal\u00a0Bio Uni Cazan termic universal BIO UNI recomandat pentru \u00eenc\u0103lzirea spa\u021biilor industriale , depozitare \u0219i alte cl\u0103diri de mari dimensiuni, care sunt deja echipate cu un sistem de \u00eenc\u0103lzire centralizat pentru furnizarea de c\u0103ldur\u0103 \u00een nevoile tehnologice, folosind antracit, c\u0103rbune, lemn de foc \u0219i altele ca combustibil. Proiectarea cazanului permite utilizarea cea [&#8230;]\n","protected":false},"featured_media":6587,"comment_status":"open","ping_status":"closed","template":"","meta":[],"product_brand":[],"product_cat":[54],"product_tag":[],"class_list":{"0":"post-6586","1":"product","2":"type-product","3":"status-publish","4":"has-post-thumbnail","6":"product_cat-centrale-si-cazane-industriale","8":"first","9":"instock","10":"shipping-taxable","11":"purchasable","12":"product-type-variable"},"yoast_head":"<!-- This site is optimized with the Yoast SEO Premium plugin v21.2 (Yoast SEO v24.8.1) - https:\/\/yoast.com\/wordpress\/plugins\/seo\/ -->\n<title>Cazan industrial Altep Bio Uni - Altep<\/title>\n<meta name=\"robots\" content=\"index, follow, max-snippet:-1, max-image-preview:large, max-video-preview:-1\" \/>\n<link rel=\"canonical\" href=\"https:\/\/feroterm.ro\/altep\/produs\/cazan-industrial-altep-bio-uni\/\" \/>\n<meta property=\"og:locale\" content=\"ro_RO\" \/>\n<meta property=\"og:type\" content=\"article\" \/>\n<meta property=\"og:title\" content=\"Cazan industrial Altep Bio Uni - Altep\" \/>\n<meta property=\"og:description\" content=\"Cazan termic, model universal\u00a0Bio Uni Cazan termic universal BIO UNI recomandat pentru \u00eenc\u0103lzirea spa\u021biilor industriale , depozitare \u0219i alte cl\u0103diri de mari dimensiuni, care sunt deja echipate cu un sistem de \u00eenc\u0103lzire centralizat pentru furnizarea de c\u0103ldur\u0103 \u00een nevoile tehnologice, folosind antracit, c\u0103rbune, lemn de foc \u0219i altele ca combustibil. Proiectarea cazanului permite utilizarea cea [...]\" \/>\n<meta property=\"og:url\" content=\"https:\/\/feroterm.ro\/altep\/produs\/cazan-industrial-altep-bio-uni\/\" \/>\n<meta property=\"og:site_name\" content=\"FEROTERM\" \/>\n<meta property=\"og:image\" content=\"https:\/\/feroterm.ro\/altep\/wp-content\/uploads\/2025\/04\/Bio-Uni-95-kW.png\" \/>\n\t<meta property=\"og:image:width\" content=\"1024\" \/>\n\t<meta property=\"og:image:height\" content=\"1024\" \/>\n\t<meta property=\"og:image:type\" content=\"image\/png\" \/>\n<meta name=\"twitter:card\" content=\"summary_large_image\" \/>\n<meta name=\"twitter:label1\" content=\"Timp estimat pentru citire\" \/>\n\t<meta name=\"twitter:data1\" content=\"3 minute\" \/>\n<script type=\"application\/ld+json\" class=\"yoast-schema-graph\">{\"@context\":\"https:\/\/schema.org\",\"@graph\":[{\"@type\":\"WebPage\",\"@id\":\"https:\/\/feroterm.ro\/altep\/produs\/cazan-industrial-altep-bio-uni\/\",\"url\":\"https:\/\/feroterm.ro\/altep\/produs\/cazan-industrial-altep-bio-uni\/\",\"name\":\"Cazan industrial Altep Bio Uni - Altep\",\"isPartOf\":{\"@id\":\"https:\/\/feroterm.ro\/altep\/#website\"},\"primaryImageOfPage\":{\"@id\":\"https:\/\/feroterm.ro\/altep\/produs\/cazan-industrial-altep-bio-uni\/#primaryimage\"},\"image\":{\"@id\":\"https:\/\/feroterm.ro\/altep\/produs\/cazan-industrial-altep-bio-uni\/#primaryimage\"},\"thumbnailUrl\":\"https:\/\/feroterm.ro\/altep\/wp-content\/uploads\/2025\/04\/Bio-Uni-95-kW.png\",\"datePublished\":\"2025-04-07T10:59:57+00:00\",\"breadcrumb\":{\"@id\":\"https:\/\/feroterm.ro\/altep\/produs\/cazan-industrial-altep-bio-uni\/#breadcrumb\"},\"inLanguage\":\"ro-RO\",\"potentialAction\":[{\"@type\":\"ReadAction\",\"target\":[\"https:\/\/feroterm.ro\/altep\/produs\/cazan-industrial-altep-bio-uni\/\"]}]},{\"@type\":\"ImageObject\",\"inLanguage\":\"ro-RO\",\"@id\":\"https:\/\/feroterm.ro\/altep\/produs\/cazan-industrial-altep-bio-uni\/#primaryimage\",\"url\":\"https:\/\/feroterm.ro\/altep\/wp-content\/uploads\/2025\/04\/Bio-Uni-95-kW.png\",\"contentUrl\":\"https:\/\/feroterm.ro\/altep\/wp-content\/uploads\/2025\/04\/Bio-Uni-95-kW.png\",\"width\":1024,\"height\":1024},{\"@type\":\"BreadcrumbList\",\"@id\":\"https:\/\/feroterm.ro\/altep\/produs\/cazan-industrial-altep-bio-uni\/#breadcrumb\",\"itemListElement\":[{\"@type\":\"ListItem\",\"position\":1,\"name\":\"Magazin\",\"item\":\"https:\/\/feroterm.ro\/altep\/magazin\/\"},{\"@type\":\"ListItem\",\"position\":2,\"name\":\"Cazan industrial Altep Bio Uni\"}]},{\"@type\":\"WebSite\",\"@id\":\"https:\/\/feroterm.ro\/altep\/#website\",\"url\":\"https:\/\/feroterm.ro\/altep\/\",\"name\":\"FEROTERM\",\"description\":\"Comercializam toata gama de cazane Altep\",\"publisher\":{\"@id\":\"https:\/\/feroterm.ro\/altep\/#organization\"},\"potentialAction\":[{\"@type\":\"SearchAction\",\"target\":{\"@type\":\"EntryPoint\",\"urlTemplate\":\"https:\/\/feroterm.ro\/altep\/?s={search_term_string}\"},\"query-input\":{\"@type\":\"PropertyValueSpecification\",\"valueRequired\":true,\"valueName\":\"search_term_string\"}}],\"inLanguage\":\"ro-RO\"},{\"@type\":\"Organization\",\"@id\":\"https:\/\/feroterm.ro\/altep\/#organization\",\"name\":\"FEROTERM\",\"url\":\"https:\/\/feroterm.ro\/altep\/\",\"logo\":{\"@type\":\"ImageObject\",\"inLanguage\":\"ro-RO\",\"@id\":\"https:\/\/feroterm.ro\/altep\/#\/schema\/logo\/image\/\",\"url\":\"https:\/\/feroterm.ro\/altep\/wp-content\/uploads\/2025\/04\/logo-feroterm.png\",\"contentUrl\":\"https:\/\/feroterm.ro\/altep\/wp-content\/uploads\/2025\/04\/logo-feroterm.png\",\"width\":346,\"height\":56,\"caption\":\"FEROTERM\"},\"image\":{\"@id\":\"https:\/\/feroterm.ro\/altep\/#\/schema\/logo\/image\/\"}}]}<\/script>\n<!-- \/ Yoast SEO Premium plugin. -->","yoast_head_json":{"title":"Cazan industrial Altep Bio Uni - Altep","robots":{"index":"index","follow":"follow","max-snippet":"max-snippet:-1","max-image-preview":"max-image-preview:large","max-video-preview":"max-video-preview:-1"},"canonical":"https:\/\/feroterm.ro\/altep\/produs\/cazan-industrial-altep-bio-uni\/","og_locale":"ro_RO","og_type":"article","og_title":"Cazan industrial Altep Bio Uni - Altep","og_description":"Cazan termic, model universal\u00a0Bio Uni Cazan termic universal BIO UNI recomandat pentru \u00eenc\u0103lzirea spa\u021biilor industriale , depozitare \u0219i alte cl\u0103diri de mari dimensiuni, care sunt deja echipate cu un sistem de \u00eenc\u0103lzire centralizat pentru furnizarea de c\u0103ldur\u0103 \u00een nevoile tehnologice, folosind antracit, c\u0103rbune, lemn de foc \u0219i altele ca combustibil. Proiectarea cazanului permite utilizarea cea [...]","og_url":"https:\/\/feroterm.ro\/altep\/produs\/cazan-industrial-altep-bio-uni\/","og_site_name":"FEROTERM","og_image":[{"width":1024,"height":1024,"url":"https:\/\/feroterm.ro\/altep\/wp-content\/uploads\/2025\/04\/Bio-Uni-95-kW.png","type":"image\/png"}],"twitter_card":"summary_large_image","twitter_misc":{"Timp estimat pentru citire":"3 minute"},"schema":{"@context":"https:\/\/schema.org","@graph":[{"@type":"WebPage","@id":"https:\/\/feroterm.ro\/altep\/produs\/cazan-industrial-altep-bio-uni\/","url":"https:\/\/feroterm.ro\/altep\/produs\/cazan-industrial-altep-bio-uni\/","name":"Cazan industrial Altep Bio Uni - Altep","isPartOf":{"@id":"https:\/\/feroterm.ro\/altep\/#website"},"primaryImageOfPage":{"@id":"https:\/\/feroterm.ro\/altep\/produs\/cazan-industrial-altep-bio-uni\/#primaryimage"},"image":{"@id":"https:\/\/feroterm.ro\/altep\/produs\/cazan-industrial-altep-bio-uni\/#primaryimage"},"thumbnailUrl":"https:\/\/feroterm.ro\/altep\/wp-content\/uploads\/2025\/04\/Bio-Uni-95-kW.png","datePublished":"2025-04-07T10:59:57+00:00","breadcrumb":{"@id":"https:\/\/feroterm.ro\/altep\/produs\/cazan-industrial-altep-bio-uni\/#breadcrumb"},"inLanguage":"ro-RO","potentialAction":[{"@type":"ReadAction","target":["https:\/\/feroterm.ro\/altep\/produs\/cazan-industrial-altep-bio-uni\/"]}]},{"@type":"ImageObject","inLanguage":"ro-RO","@id":"https:\/\/feroterm.ro\/altep\/produs\/cazan-industrial-altep-bio-uni\/#primaryimage","url":"https:\/\/feroterm.ro\/altep\/wp-content\/uploads\/2025\/04\/Bio-Uni-95-kW.png","contentUrl":"https:\/\/feroterm.ro\/altep\/wp-content\/uploads\/2025\/04\/Bio-Uni-95-kW.png","width":1024,"height":1024},{"@type":"BreadcrumbList","@id":"https:\/\/feroterm.ro\/altep\/produs\/cazan-industrial-altep-bio-uni\/#breadcrumb","itemListElement":[{"@type":"ListItem","position":1,"name":"Magazin","item":"https:\/\/feroterm.ro\/altep\/magazin\/"},{"@type":"ListItem","position":2,"name":"Cazan industrial Altep Bio Uni"}]},{"@type":"WebSite","@id":"https:\/\/feroterm.ro\/altep\/#website","url":"https:\/\/feroterm.ro\/altep\/","name":"FEROTERM","description":"Comercializam toata gama de cazane Altep","publisher":{"@id":"https:\/\/feroterm.ro\/altep\/#organization"},"potentialAction":[{"@type":"SearchAction","target":{"@type":"EntryPoint","urlTemplate":"https:\/\/feroterm.ro\/altep\/?s={search_term_string}"},"query-input":{"@type":"PropertyValueSpecification","valueRequired":true,"valueName":"search_term_string"}}],"inLanguage":"ro-RO"},{"@type":"Organization","@id":"https:\/\/feroterm.ro\/altep\/#organization","name":"FEROTERM","url":"https:\/\/feroterm.ro\/altep\/","logo":{"@type":"ImageObject","inLanguage":"ro-RO","@id":"https:\/\/feroterm.ro\/altep\/#\/schema\/logo\/image\/","url":"https:\/\/feroterm.ro\/altep\/wp-content\/uploads\/2025\/04\/logo-feroterm.png","contentUrl":"https:\/\/feroterm.ro\/altep\/wp-content\/uploads\/2025\/04\/logo-feroterm.png","width":346,"height":56,"caption":"FEROTERM"},"image":{"@id":"https:\/\/feroterm.ro\/altep\/#\/schema\/logo\/image\/"}}]}},"_links":{"self":[{"href":"https:\/\/feroterm.ro\/altep\/wp-json\/wp\/v2\/product\/6586","targetHints":{"allow":["GET"]}}],"collection":[{"href":"https:\/\/feroterm.ro\/altep\/wp-json\/wp\/v2\/product"}],"about":[{"href":"https:\/\/feroterm.ro\/altep\/wp-json\/wp\/v2\/types\/product"}],"replies":[{"embeddable":true,"href":"https:\/\/feroterm.ro\/altep\/wp-json\/wp\/v2\/comments?post=6586"}],"wp:featuredmedia":[{"embeddable":true,"href":"https:\/\/feroterm.ro\/altep\/wp-json\/wp\/v2\/media\/6587"}],"wp:attachment":[{"href":"https:\/\/feroterm.ro\/altep\/wp-json\/wp\/v2\/media?parent=6586"}],"wp:term":[{"taxonomy":"product_brand","embeddable":true,"href":"https:\/\/feroterm.ro\/altep\/wp-json\/wp\/v2\/product_brand?post=6586"},{"taxonomy":"product_cat","embeddable":true,"href":"https:\/\/feroterm.ro\/altep\/wp-json\/wp\/v2\/product_cat?post=6586"},{"taxonomy":"product_tag","embeddable":true,"href":"https:\/\/feroterm.ro\/altep\/wp-json\/wp\/v2\/product_tag?post=6586"}],"curies":[{"name":"wp","href":"https:\/\/api.w.org\/{rel}","templated":true}]}}